ctor of 6305?
True
Is 4912 a multiple of 53?
False
Does 86 divide 2217?
False
Does 24 divide 2212?
False
Is 194 a multiple of 3?
False
Is 115 a multiple of 13?
False
Is 17703 a multiple of 27?
False
Does 111 divide 54543?
False
Does 6 divide 186?
True
Is 28 a factor of 1758?
False
Does 10 divide 7550?
True
Is 203 a factor of 29029?
True
Is 52 a factor of 260?
True
Is 875 a multiple of 56?
False
Is 12 a factor of 12636?
True
Is 3730 a multiple of 33?
False
Does 11 divide 8065?
False
Does 32 divide 288?
True
Does 82 divide 5576?
True
Is 12901 a multiple of 115?
False
Is 1243 a multiple of 96?
False
Is 23 a factor of 34742?
False
Is 3172 a multiple of 52?
True
Does 12 divide 10323?
False
Does 13 divide 122674?
False
Is 32 a factor of 21184?
True
Is 13 a factor of 107003?
True
Does 7 divide 1400?
True
Does 15 divide 1599?
False
Is 22 a factor of 213?
False
Is 12493 a multiple of 131?
False
Does 4 divide 119?
False
Does 16 divide 624?
True
Does 4 divide 965?
False
Does 19 divide 2172?
False
Is 475 a multiple of 5?
True
Is 4136 a multiple of 17?
False
Is 496 a multiple of 16?
True
Is 5 a factor of 405?
True
Does 22 divide 5698?
True
Is 56 a multiple of 8?
True
Is 101484 a multiple of 36?
True
Does 88 divide 1144?
True
Is 4089 a multiple of 19?
False
Does 19 divide 1033?
False
Does 4 divide 1066?
False
Is 7365 a multiple of 21?
False
Is 12204 a multiple of 12?
True
Is 24 a factor of 11208?
True
Does 24 divide 260?
False
Is 87 a factor of 648?
False
Does 10 divide 9852?
False
Is 7 a factor of 759?
False
Is 3912 a multiple of 12?
True
Is 22800 a multiple of 10?
True
Is 2 a factor of 82?
True
Does 28 divide 111?
False
Is 3 a factor of 577?
False
Is 4 a factor of 1240?
True
Is 13 a factor of 1742?
True
Does 4 divide 335?
False
Is 6 a factor of 3132?
True
Is 43 a factor of 43?
True
Does 203 divide 9369?
False
Does 3 divide 131?
False
Does 9 divide 22707?
True
Is 13 a factor of 117?
True
Is 231 a factor of 92021?
False
Is 858 a multiple of 26?
True
Is 7 a factor of 674?
False
Is 34 a factor of 2346?
True
Is 262 a factor of 10218?
True
Is 253 a multiple of 25?
False
Is 37205 a multiple of 65?
False
Does 24 divide 4536?
True
Is 19 a factor of 84?
False
Does 36 divide 4680?
True
Is 29 a factor of 2730?
False
Does 2 divide 287?
False
Is 25 a factor of 3500?
True
Does 80 divide 113315?
False
Does 16 divide 647?
False
Is 92 a factor of 293?
False
Does 10 divide 870?
True
Does 213 divide 3244?
False
Is 1920 a multiple of 30?
True
Is 2 a factor of 1064?
True
Does 14 divide 14388?
False
Is 234 a multiple of 7?
False
Is 28 a factor of 791?
False
Does 13 divide 5187?
True
Is 41 a factor of 1599?
True
Is 15457 even?
False
Is 5 a factor of 155?
True
Is 378 a multiple of 6?
True
Is 14696 a multiple of 22?
True
Is 7465 a multiple of 6?
False
Is 1564 a multiple of 46?
True
Is 325 a multiple of 28?
False
Is 423 a multiple of 7?
False
Does 25 divide 325?
True
Does 19 divide 807?
False
Is 13 a factor of 1853?
False
Is 390 a factor of 79560?
True
Is 38 a factor of 1458?
False
Does 40 divide 2920?
True
Is 17010 a multiple of 15?
True
Is 5387 a multiple of 17?
False
Is 126 a multiple of 6?
True
Is 8 a factor of 407?
False
Is 79 a factor of 27982?
False
Does 10 divide 12949?
False
Is 10 a factor of 719?
False
Is 21 a factor of 12094?
False
Is 85 even?
False
Is 36 a factor of 1980?
True
Does 97 divide 72750?
True
Is 2587 a multiple of 13?
True
Is 13332 a multiple of 56?
False
Does 129 divide 24381?
True
Is 77 a factor of 616?
True
Is 6595 a multiple of 31?
False
Is 12 a factor of 7598?
False
Does 106 divide 25442?
False
Is 69328 a multiple of 43?
False
Does 81 divide 28358?
False
Does 186 divide 4092?
True
Is 1708 a multiple of 14?
True
Does 17 divide 1229?
False
Is 3991 a multiple of 101?
False
Is 205 a multiple of 16?
False
Is 144 a multiple of 6?
True
Is 1355 a multiple of 4?
False
Is 44761 a multiple of 17?
True
Does 30 divide 70799?
False
Is 8 a factor of 13669?
False
Is 20430 a multiple of 227?
True
Is 235 a factor of 4465?
True
Does 23 divide 15916?
True
Is 13943 a multiple of 191?
True
Is 6 a factor of 438?
True
Does 107 divide 48187?
False
Is 6425 a multiple of 2?
False
Is 10 a factor of 60?
True
Is 26607 a multiple of 12?
False
Is 24467 a multiple of 31?
False
Is 27 a factor of 8397?
True
Is 16 a factor of 409?
False
Is 6 a factor of 16764?
True
Is 8900 a multiple of 25?
True
Is 134 a multiple of 3?
False
Does 2 divide 11993?
False
Does 22 divide 616?
True
Is 8 a factor of 253?
False
Is 65 a factor of 40885?
True
Does 83 divide 14705?
False
Does 25 divide 1395?
False
Does 14 divide 538?
False
Is 17 a factor of 612?
True
Is 22 a factor of 4455?
False
Is 38 a factor of 570?
True
Is 54 a factor of 2160?
True
Is 520 a multiple of 65?
True
Does 126 divide 20790?
True
Is 945 a multiple of 45?
True
Is 216 a multiple of 38?
False
Does 5 divide 3825?
True
Does 42 divide 1092?
True
Does 5 divide 370?
True
Is 22325 a multiple of 25?
True
Does 101 divide 13537?
False
Is 2291 a multiple of 29?
True
Is 28 a factor of 1176?
True
Is 7656 a multiple of 48?
False
Is 13 a factor of 4346?
False
Is 17 a factor of 527?
True
Does 23 divide 12259?
True
Does 14 divide 780?
False
Is 77 a factor of 25256?
True
Does 4 divide 40?
True
Does 48 divide 15416?
False
Is 350 a multiple of 7?
True
Is 2510 a multiple of 5?
True
Is 31 a factor of 217?
True
Is 14740 a multiple of 50?
False
Does 24 divide 4148?
False
Is 54 a factor of 3823?
False
Is 5 a factor of 7399?
False
Is 18 a factor of 2569?
False
Is 5 a factor of 6898?
False
Is 68339 a multiple of 37?
True
Does 56 divide 571?
False
Does 8 divide 6324?
False
Is 49 a multiple of 8?
False
Is 76 a factor of 6232?
True
Does 24 divide 2933?
False
Does 48 divide 2217?
False
Is 2709 a multiple of 13?
False
Is 2 a factor of 31?
False
Does 7 divide 406?
True
Does 50 divide 2903?
False
Is 1953 a multiple of 31?
True
Does 30 divide 34292?
False
Is 400 a multiple of 10?
True
Is 99 a factor of 6881?
False
Does 20 divide 28220?
True
Is 11 a factor of 726?
True
Is 7735 a multiple of 46?
False
Does 60 divide 9240?
True
Does 88 divide 1936?
True
Is 1291 a multiple of 8?
False
Is 756 a multiple of 14?
True
Does 11 divide 2035?
True
Is 169 a factor of 3959?
False
Is 618 a multiple of 13?
False
Is 4666 a multiple of 5?
False
Is 18 a factor of 22849?
False
Is 21871 a multiple of 59?
False
Does 12 divide 14448?
True
Does 13 divide 755?
False
Is 5 a factor of 999?
False
Is 18 a factor of 1152?
True
Is 10 a factor of 90?
True
Does 25 divide 981?
False
Is 42 a factor of 1768?
False
Is 27 a factor of 1945?
False
Is 8 a factor of 15872?
True
Is 36 a factor of 63?
False
Is 1138 a multiple of 73?
False
Is 23569 a multiple of 49?
True
Is 7488 a multiple of 39?
True
Is 48 a multiple of 6?
True
Is 189 a factor of 38178?
True
Does 36 divide 2916?
True
Does 30 divide 6335?
False
Is 4480 a multiple of 14?
True
Is 39 a factor of 1755?
True
Does 136 divide 9656?
True
Does 73 divide 29784?
True
Is 653 a multiple of 62?
False
Does 8 divide 821?
False
Is 9 a factor of 499?
False
Does 15 divide 1785?
True
Does 29 divide 6370?
False
Is 20 a factor of 1320?
True
Does 16 divide 1396?
False
Is 768 a multiple of 30?
False
Does 25 divide 1450?
True
Is 2526 a multiple of 6?
True
Is 72 a factor of 31536?
True
Is 53 a factor of 1051?
False
Is 27 a factor of 2524?
False
Does 21 divide 10165?
False
Is 1767 a multiple of 57?
True
Does 16 divide 496?
True
Does 110 divide 163680?
True
Is 20 a factor of 12020?
True
Does 14 divide 15134?
True
Does 111 divide 13772?
False
Is 57 a multiple of 2?
False
Does 174 divide 7134?
True
Is 11 a factor of 4323?
True
Is 1200 a multiple of 16?
True
Does 5 divide 499?
False
Is 40 a factor of 11880?
True
Is 52579 a multiple of 186?
False
Does 94 divide 126143?
False
Is 261 a factor of 36395?
False
Is 594 a multiple of 18?
True
Is 100 a multiple of 75?
False
Is 10 a factor of 8600?
True
Does 4 divide 560?
True
Is 10568 a multiple of 8?
True
Is 7 a factor of 322?
True
Does 8 divide 11040?
True
Is 139 a factor of 6866?
False
Does 34 divide 986?
True
Is 5 a factor of 21412?
False
Is 91 a factor of 703?
False
Does 3 divide 467?
False
Does 28 divide 769?
False
Does 3 divide 831?
True
Does 8 divide 4664?
True
Does 6 divide 449?
False
Does 92 divide 7428?
False
Is 36 a factor 